5, 41, 130259
List the prime factors of 215337.
3, 179, 401
What are the prime factors of 1057364?
2, 7, 11, 3433
List the prime factors of 9459562.
2, 7, 821, 823
What are the prime factors of 190950?
2, 3, 5, 19, 67
List the prime factors of 257048.
2, 11, 23, 127
What are the prime factors of 33596?
2, 37, 227
What are the prime factors of 792990?
2, 3, 5, 11, 89
List the prime factors of 3835076.
2, 7, 29, 4723
List the prime factors of 1292708.
2, 131, 2467
List the prime factors of 111868.
2, 27967
What are the prime factors of 16661528?
2, 13, 160207
List the prime factors of 883696.
2, 11, 5021
What are the prime factors of 1799007?
3, 7, 85667
What are the prime factors of 160131?
3, 53377
What are the prime factors of 1799414?
2, 19, 47353
What are the prime factors of 2010171?
3, 347, 1931
List the prime factors of 1838686.
2, 17, 41, 1319
List the prime factors of 7817267.
7817267
What are the prime factors of 1591835?
5, 7, 45481
What are the prime factors of 451618?
2, 225809
What are the prime factors of 365132?
2, 91283
List the prime factors of 100486.
2, 47, 1069
What are the prime factors of 634912?
2, 19841
List the prime factors of 8803975.
5, 211, 1669
List the prime factors of 42240.
2, 3, 5, 11
What are the prime factors of 980800?
2, 5, 613
What are the prime factors of 19485834?
2, 3, 3247639
What are the prime factors of 73167?
3, 29
What are the prime factors of 5540441?
5540441
What are the prime factors of 1188782?
2, 7, 84913
What are the prime factors of 3433436?
2, 31, 27689
What are the prime factors of 107276?
2, 13, 2063
What are the prime factors of 26572207?
17, 29, 53899
List the prime factors of 2035903.
17, 119759
What are the prime factors of 3116716?
2, 733, 1063
List the prime factors of 4076751.
3, 7, 27733
List the prime factors of 4535118.
2, 3, 7, 35993
What are the prime factors of 6624564?
2, 3, 552047
What are the prime factors of 140273?
7, 29, 691
List the prime factors of 2661744.
2, 3, 23, 2411
List the prime factors of 2226605.
5, 445321
List the prime factors of 379041.
3, 13, 9719
What are the prime factors of 649170?
2, 3, 5, 7213
List the prime factors of 1017739.
17, 131, 457
What are the prime factors of 868443?
3, 137, 2113
List the prime factors of 6147043.
7, 29, 107, 283
What are the prime factors of 1497343?
17, 88079
What are the prime factors of 7777464?
2, 3, 367, 883
List the prime factors of 224232.
2, 3, 9343
What are the prime factors of 2165254?
2, 7, 13, 11897
What are the prime factors of 421539?
3, 227, 619
What are the prime factors of 4045?
5, 809
List the prime factors of 1387030.
2, 5, 17, 41, 199
List the prime factors of 565095.
3, 5, 101, 373
What are the prime factors of 41839?
7, 43, 139
List the prime factors of 24926654.
2, 2741, 4547
What are the prime factors of 783466?
2, 391733
List the prime factors of 357022.
2, 137, 1303
List the prime factors of 25997843.
23, 43, 97, 271
What are the prime factors of 311414?
2, 155707
List the prime factors of 217728.
2, 3, 7
List the prime factors of 2208209.
359, 6151
List the prime factors of 1691429.
1691429
List the prime factors of 216091.
216091
What are the prime factors of 3090529?
13, 237733
List the prime factors of 8845711.
7, 271, 4663
What are the prime factors of 6999622?
2, 7, 499973
What are the prime factors of 679154?
2, 7, 139, 349
List the prime factors of 5574042.
2, 3, 109, 947
List the prime factors of 2216329.
443, 5003
List the prime factors of 18553537.
937, 19801
What are the prime factors of 2891182?
2, 7, 97, 2129
What are the prime factors of 955363?
955363
List the prime factors of 3293178.
2, 3, 7, 89, 881
What are the prime factors of 2461573?
37, 66529
What are the prime factors of 965369?
965369
What are the prime factors of 864806?
2, 109, 3967
What are the prime factors of 175010?
2, 5, 11, 37, 43
What are the prime factors of 25945577?
7, 967, 3833
What are the prime factors of 213059?
7, 11, 2767
What are the prime factors of 476854?
2, 7, 34061
What are the prime factors of 178496?
2, 2789
List the prime factors of 633090.
2, 3, 5, 47, 449
What are the prime factors of 588831?
3, 196277
List the prime factors of 3260803.
7, 13, 5119
What are the prime factors of 164412?
2, 3, 4567
List the prime factors of 287349.
3, 95783
List the prime factors of 310936.
2, 38867
List the prime factors of 337280.
2, 5, 17, 31
What are the prime factors of 1436606?
2, 718303
List the prime factors of 1055901.
3, 7, 11, 653
List the prime factors of 2189288.
2, 283, 967
What are the prime factors of 181940?
2, 5, 11, 827
What are the prime factors of 30691117?
751, 40867
List the prime factors of 1896243.
3, 632081
List the prime factors of 1272270.
2, 3, 5, 42409
List the prime factors of 85907.
271, 317
What are the prime factors of 263628?
2, 3, 2441
List the prime factors of 1077555.
3, 5, 71837
What are the prime factors of 717417?
3, 17, 521
List the prime factors of 48886.
2, 24443
What are the prime factors of 387680?
2, 5, 2423
List the prime factors of 6377853.
3, 47, 45233
List the prime factors of 852641.
852641
What are the prime factors of 12954592?
2, 7, 151, 383
What are the prime factors of 180762?
2, 3, 47, 641
What are the prime factors of 3514272?
2, 3, 36607
List the prime factors of 462544.
2, 28909
List the prime factors of 12925460.
2, 5, 646273
List the prime factors of 1353249.
3, 53, 2837
What are the prime factors of 32737393?
13, 17, 41, 3613
What are the prime factors of 893126?
2, 13, 34351
What are the prime factors of 433795?
5, 101, 859
List the prime factors of 895476.
2, 3, 74623
List the prime factors of 1813164.
2, 3, 61, 2477
What are the prime factors of 176180?
2, 5, 23, 383
What are the prime factors of 488716?
2, 17, 7187
What are the prime factors of 14851265?
5, 11, 13, 20771
What are the prime factors of 36990066?
2, 3, 991, 6221
List the prime factors of 14401.
14401
List the prime factors of 3668944.
2, 229309
What are the prime factors of 417587?
53, 7879
What are the prime factors of 4055160?
2, 3, 5, 47, 719
What are the prime factors of 376173?
3, 7, 853
What are the prime factors of 966907?
966907
List the prime factors of 282529.
13, 103, 211
What are the prime factors of 4155?
3, 5, 277
What are the prime factors of 1052561?
1052561
List the prime factors of 153811.
7, 43, 73
What are the prime factors of 686864?
2, 42929
What are the prime factors of 6437362?
2, 29, 110989
List the prime factors of 10425559.
10425559
List the prime factors of 187822.
2, 93911
List the prime factors of 7903791.
3, 7, 19, 31, 71
List the prime factors of 1848800.
2, 5, 2311
What are the prime factors of 375506?
2, 191, 983
What are the prime factors of 258365?
5, 51673
What are the prime factors of 266613?
3, 181, 491
What are the prime factors of 1535563?
1535563
List the prime factors of 20945135.
5, 4189027
List the prime factors of 3208861.
73, 113, 389
What are the prime factors of 15515415?
3, 5, 281, 409
List the prime factors of 22576014.
2, 3, 439, 2857
List the prime factors of 735563.
23, 31981
What are the prime factors of 252105?
3, 5, 7
List the prime factors of 2189885.
5, 437977
What are the prime factors of 1284775?
5, 17, 3023
What are the prime factors of 10875918?
2, 3, 23, 53, 1487
What are the prime factors of 175119?
3, 7, 31, 269
What are the prime factors of 15643460?
2, 5, 7, 19, 5881
List the prime factors of 3982265.
5, 7, 113779
List the prime factors of 3782124.
2, 3, 31, 3389
What are the prime factors of 1787373?
3, 7, 193
What are the prime factors of 683887?
683887
List the prime factors of 1448679.
3, 643, 751
List the prime factors of 6939614.
2, 11, 315437
What are the prime factors of 1713881?
13, 131837
List the prime factors of 20705366.
2, 11, 941153
What are the prime factors of 8531364?
2, 3, 73, 9739
What are the prime factors of 53874?
2, 3, 41, 73
What are the prime factors of 11691153?
3, 23, 56479
List the prime factors of 6806042.
2, 3403021
What are the prime factors of 26371?
26371
What are the prime factors of 4551168?
2, 3, 2963
What are the prime factors of 3739237?
43, 86959
What are the prime factors of 707267?
11, 113, 569
What are the prime factors of 3703949?
3703949
What are the prime factor